9
Let v(c) = 139*c**2 + 17*c - 1. Give v(-2).
521
Let g(w) = w**3 + 135*w**2 + 2298*w - 251. What is g(-115)?
-21
Let h(p) = -43*p**2 + 210*p + 36. Calculate h(5).
11
Let z(b) = -11*b**2 + 127*b - 221. What is z(2)?
-11
Let k(x) = -94*x + 3238. Determine k(44).
-898
Let w(b) = -72*b + 11316. Determine w(157).
12
Let q(g) = -g**3 + 42*g**2 - 83*g + 58. Determine q(40).
-62
Let w(j) = -25*j - 159. Determine w(-5).
-34
Let j(c) = -c**2 + 119*c + 873. Give j(-7).
-9
Let p(l) = -2*l**2 + 54*l - 361. Calculate p(13).
3
Let a(q) = 2*q**2 - 9*q - 48. Determine a(-3).
-3
Let q(s) = -s**2 + 282*s + 1722. What is q(-6)?
-6
Let i(p) = -27*p**2 - 217*p - 9. Determine i(-8).
-1
Let c(b) = -b**3 + 20*b**2 + 267*b - 29. Give c(29).
145
Let d(n) = n**2 - n - 1. What is d(4)?
11
Let n(t) = 38*t**2 - 87*t - 3. What is n(3)?
78
Let d(a) = -40*a**2 + 151*a + 3. Calculate d(4).
-33
Let l(p) = -11*p**2 + 862*p - 332. Calculate l(78).
-20
Let w(z) = z**2 + 512*z - 2037. Determine w(4).
27
Let n(w) = 2*w**3 + 97*w**2 - 10*w + 1938. Give n(-49).
27
Let d(q) = q**3 + 16*q**2 - q - 14. Calculate d(-15).
226
Let w(z) = -2*z**3 + 5*z**2 + 28*z + 4. Give w(-3).
19
Let i(y) = y**2 - 470*y + 6832. What is i(15)?
7
Let l(j) = j**3 - 38*j**2 + 361*j - 85. Determine l(21).
-1
Let c(g) = -73*g - 2055. Calculate c(-27).
-84
Let s(r) = r**3 - 74*r**2 - 186*r + 2553. Determine s(76).
-31
Let r(a) = a**2 - 8*a - 62. What is r(13)?
3
Let d(n) = -5001*n - 35007. Calculate d(-7).
0
Let d(s) = 10*s - 140. Calculate d(26).
120
Let y(u) = -u**2 - 25*u + 43. Calculate y(-9).
187
Let i(v) = 3*v**3 + 6*v**2 - 149*v - 39. What is i(-8)?
1
Let h(m) = -2*m**2 - 123*m - 558. Determine h(-5).
7
Let u(j) = j**2 + 1200*j - 8463. Give u(7).
-14
Let r(x) = x**2 - x - 214. Calculate r(15).
-4
Let i(m) = -7*m**2 - 7*m + 30. Determine i(5).
-180
Let r(t) = -6*t**2 + 106*t - 36. What is r(17)?
32
Let q(l) = -l**3 - 3*l**2 - 14*l + 28. Calculate q(5).
-242
Let p(q) = 29*q - 689. Give p(24).
7
Let d(i) = -i**3 - 5*i**2 + 37*i + 316. What is d(-8)?
212
Let w(a) = 2*a**2 + 40*a - 24. What is w(-9)?
-222
Let g(b) = 21*b**2 + 7*b + 59. Calculate g(-6).
773
Let a(x) = 155*x**2 + 231*x - 2. What is a(-2)?
156
Let z(p) = -3*p**3 - 32*p**2 + 3*p - 103. What is z(-11)?
-15
Let o(k) = -k**3 + 8*k**2 + 53*k - 259. Give o(4).
17
Let h(v) = -v**2 - 94*v + 3116. Give h(26).
-4
Let r(m) = -3*m - 168. Determine r(-39).
-51
Let q(g) = -g**3 + 6*g**2 + 74*g + 124. What is q(-4)?
-12
Let i(v) = -4*v - 178. Calculate i(7).
-206
Let k(i) = -2*i**3 - 44*i**2 - 106*i - 20. Give k(-19).
-172
Let q(w) = w**2 - 31*w + 60. What is q(2)?
2
Let w(q) = 16735*q - 50208. Calculate w(3).
-3
Let q(b) = 2*b**2 - 70*b + 260. Determine q(31).
12
Let x(z) = -z**3 - z**2 - 65*z - 129. Calculate x(-2).
5
Let m(f) = -54*f - 266. Calculate m(-5).
4
Let u(j) = -70*j - 119. What is u(-2)?
21
Let l(j) = -12*j**3 - 3*j**2 - 2*j - 7. Determine l(-3).
296
Let r(y) = 539*y - 4579. What is r(8)?
-267
Let x(o) = -o**3 - 7*o**2 + 3. Give x(-7).
3
Let v(w) = -18*w**2 - 146*w - 180. Give v(-6).
48
Let g(c) = -c**3 - 72*c**2 - 4*c - 299. Calculate g(-72).
-11
Let l(n) = -1294*n - 6575. What is l(-5)?
-105
Let y(j) = -80*j**2 + 263*j - 58. Give y(3).
11
Let p(c) = -4*c**3 + 7*c**2 + 6*c - 13. What is p(2)?
-5
Let d(j) = 2*j**2 + 87*j - 2966. Calculate d(-66).
4
Let j(r) = -r**3 - 3*r**2 - 21. Give j(-4).
-5
Let n(m) = m**2 - 130*m + 1974. Determine n(18).
-42
Let k(w) = -w**3 - 3*w**2 + 25*w + 55. What is k(-2)?
1
Let i(t) = -14*t - 840. Calculate i(-77).
238
Let r(k) = 2*k**3 - 8*k**2 + 35*k - 3. What is r(3)?
84
Let c(l) = -3*l**2 - 21*l - 49. What is c(-4)?
-13
Let b(v) = 22*v**3 + 1078*v**2 + v + 51. Give b(-49).
2
Let f(p) = p**3 - 3*p**2 + 4*p - 18. What is f(3)?
-6
Let o(y) = -y**3 - 26*y**2 + 41*y - 412. Calculate o(-28).
8
Let p(u) = -96*u - 939. Calculate p(-10).
21
Let c(v) = 23*v + 577. What is c(-30)?
-113
Let d(n) = 304*n - 733. What is d(4)?
483
Let y(j) = 12*j - 906. Give y(55).
-246
Let h(c) = -10*c**2 - 69*c - 43. Give h(-12).
-655
Let o(s) = -7*s**3 + 56*s**2 - 5*s + 8. Determine o(8).
-32
Let f(i) = 2584*i + 64608. Calculate f(-25).
8
Let h(q) = q**3 + 11*q**2 + 4*q - 43. Calculate h(7).
867
Let b(o) = -142*o + 281. Calculate b(2).
-3
Let f(t) = 53*t - 5089. Give f(96).
-1
Let n(c) = c**2 + 50*c + 445. Determine n(-12).
-11
Let t(o) = -o + 23. Determine t(4).
19
Let o(i) = i + 136. Determine o(-52).
84
Let d(s) = -28*s**2 + 74*s - 51. Calculate d(1).
-5
Let h(d) = 300*d**2 - 22*d + 21. Calculate h(1).
299
Let w(x) = -x**3 + 43*x**2 - 88*x - 106. Calculate w(41).
-352
Let u(n) = 6*n + 21. Give u(3).
39
Let i(n) = -28*n**3 - 306*n**2 + 23*n. Calculate i(-11).
-11
Let y(n) = 2*n**2 + 166*n + 1576. Give y(-72).
-8
Let r(g) = 2*g**3 + 6*g**2 - 8. What is r(-4)?
-40
Let f(c) = 13*c**3 - 3*c**2 + 7*c - 7. Determine f(3).
338
Let a(k) = -k**2 - 23*k + 234. Give a(7).
24
Let a(f) = -f**2 + 677*f - 13771. What is a(21)?
5
Let n(q) = 612*q - 8558. Determine n(14).
10
Let f(s) = 100*s + 906. What is f(-9)?
6
Let q(h) = 26*h + 88. Determine q(-3).
10
Let v(c) = 5*c**2 - 484*c + 345. What is v(96)?
-39
Let k(m) = -m**3 + 7*m**2 + 13*m - 76. What is k(6)?
38
Let u(m) = -m**2 + 652*m + 5279. What is u(-8)?
-1
Let z(m) = -237*m - 4204. Give z(-17).
-175
Let n(s) = 3*s - 124. Calculate n(-11).
-157
Let q(l) = 2*l**2 + 158*l + 3020. Calculate q(-34).
-40
Let g(c) = -105*c**2 - 4727*c - 83. Give g(-45).
7
Let z(j) = j**2 - 41*j + 507. Calculate z(16).
107
Let c(f) = 17*f - 78. Give c(-5).
-163
Let k(x) = -134*x + 9. Calculate k(4).
-527
Let w(j) = -j**2 - 7*j - 156. Give w(0).
-156
Let o(u) = 7*u**2 + 106*u + 168. Calculate o(-13).
-27
Let a(p) = -775*p + 4648. Give a(6).
-2
Let b(d) = 3*d**3 + 74*d**2 - 19*d - 44. Calculate b(-25).
-194
Let b(v) = -2*v**3 - 9*v**2 + 42*v + 241. What is b(-7)?
192
Let h(o) = 3*o**2 - 88*o + 271. Give h(26).
11
Let j(o) = 226*o**3 + 4*o**2 - 8*o + 3. Give j(1).
225
Let q(y) = 85*y - 3671. Give q(47).
324
Let q(r) = 1037*r**2 - 7256*r - 32. Calculate q(7).
-11
Let l(g) = -g**3 - 26*g**2 - 101*g + 1. Calculate l(-5).
-19
Let z(c) = c**2 + 14*c - 185. What is z(9)?
22
Let v(f) = 3*f**2 + 72*f + 445. Determine v(-12).
13
Let j(d) = -74*d + 3711. Calculate j(50).
11
Let a(i) = -2*i**3 + 5*i**2 + 76*i + 3. Calculate a(-5).
-2
Let v(r) = -r**3 + 5*r**2 - 152*r + 918. Determine v(6).
-30
Let n(p) = p**3 + 4*p**2 - 26*p - 23. Give n(6).
181
Let y(i) = 3*i**2 + 55*i + 58. Calculate y(-17).
-10
Let p(a) = 333*a - 210. Give p(1).
123
Let q(r) = r**2 - 12*r + 61. What is q(9)?
34
Let r(b) = b**2 - 4*b - 228. What is r(-12)?
-36
Let d(y) = 11*y**3 + y**2 + 78*y - 78. Calculate d(1).
12
Let v(z) = 5*z**3 + 37*z**2 - 71*z - 9. What is v(-9)?
-18
Let n(o) = -o**2 + 25*o - 122. What is n(0)?
-122
Let w(o) = -15*o. Give w(1).
-15
Let l(p) = 4*p**3 - 4*p**2 - 10*p + 19. Determine l(3).
61
Let v(l) = l**2 + 5*l - 86. What is v(6)?
-20
Let k(y) = y**3 - 15*y**2 - 594*y - 14. What is k(-18)?
-14
Let x(a) = -396*a - 1980. Determine x(-5).
0
Let w(b) = -7*b**2 + 108*b - 46. Determine w(15).
-1
Let n(z) = 62*z - 205. Calculate n(4).
43
Let j(r) = -r**3 - 377*r**2 + 384*r + 2263. Give j(-378).
-5
Let x(j) = 33*j - 98. Give x(-7).
-329
Let a(b) = -2*b**2 + 20*b + 419. Determine a(20).
19
Let u(v) = v**3 - 77*v**2 - 323*v - 82. What is u(81)?
-1
Let f(y) = -34*y**3 + 2*y**2 - 2. Give f(-1).
34
Let v(s) = -6*s**2 - 109*s + 569. Calculate v(5).
-126
Let m(w) = 3*w**2 - 563*w + 2556. Give m(183).
-6
Let x(c) = -25*c + 1120. Give x(44).
20
Let p(n) = 44*n - 1871. Determine p(33).
-419
Let y(t) = -81*t - 971. What is y(-12)?
1
Let g(m) = m**3 - m**2 - 4*m + 10. Give g(4).
42
Let s(a) = -5*a**2 - 585*a - 1149. What is s(-115)?
1
Let p(s) = s**2 + 1098*s + 6537. Determine p(-6).
-15
Let v(m) = -2*m - 62. Calculate v(-5).
-52
Let k(v) = -25*v - 713. Calculate k(-29).
12
Let o(h) = -h**2 + 69*h + 1273. Give o(-15).
13
Let f(x) = 2*x**2 + 15*x - 3. Determine f(-8).
5
Let o(d) = -120*d - 3280. What is o(-29)?
200
Let d(n) = -n**3 + 10*n**2 + 11*n - 10. What is d(11)?
-10
Let n(u) = -1019*u + 7166. Calculate n(7).
33
Let c(z) = 29*z + 1284. Calculate c(-44).
8
Let i(g) = 2811*g + 81528. What is i(-29)?
9
Let t(x) = 2*x**2 - 55*x + 131. Determine t(25).
6
Let s(z) =